is the greatest common factor of 192038 and 522?
58
What is the highest common factor of 10 and 45834?
2
Calculate the greatest common divisor of 34505 and 14935.
515
Calculate the highest common factor of 3067419 and 93.
93
Calculate the greatest common factor of 680 and 7344.
136
Calculate the highest common divisor of 508 and 358013.
127
Calculate the highest common factor of 120 and 8616.
24
Calculate the highest common divisor of 15929 and 476.
17
What is the greatest common divisor of 24 and 2334306?
6
What is the highest common factor of 15554 and 154?
154
What is the highest common factor of 214302 and 714?
102
Calculate the highest common factor of 15488 and 81152.
128
What is the greatest common divisor of 152303 and 4743?
527
Calculate the greatest common factor of 199350 and 4.
2
Calculate the greatest common divisor of 93 and 20739.
93
Calculate the greatest common divisor of 139674 and 6.
6
What is the greatest common factor of 45246 and 30?
6
What is the greatest common divisor of 667632 and 336?
336
What is the highest common factor of 280 and 1620?
20
Calculate the greatest common factor of 230 and 1065.
5
What is the highest common divisor of 6716 and 6440?
92
What is the highest common divisor of 30 and 75120?
30
Calculate the highest common factor of 2949778 and 26.
26
Calculate the greatest common divisor of 574 and 4662.
14
Calculate the greatest common divisor of 40117 and 21.
7
What is the greatest common factor of 2629 and 16969?
239
What is the highest common factor of 881435 and 519?
173
Calculate the greatest common factor of 1208 and 4450876.
604
What is the highest common divisor of 3726 and 276?
138
What is the greatest common divisor of 185200 and 600?
200
Calculate the greatest common factor of 590505 and 25.
5
What is the greatest common divisor of 3196385 and 1910?
955
What is the greatest common factor of 21406 and 231?
77
Calculate the highest common factor of 94490 and 220.
110
Calculate the greatest common divisor of 168 and 14376.
24
What is the greatest common divisor of 222788 and 8?
4
Calculate the greatest common factor of 244215 and 15.
15
Calculate the highest common divisor of 1107 and 109962.
369
Calculate the highest common factor of 1032 and 2472.
24
Calculate the greatest common factor of 20 and 830.
10
Calculate the highest common divisor of 31257 and 207.
207
What is the greatest common divisor of 92631 and 11?
11
Calculate the highest common factor of 652 and 3348509.
163
Calculate the greatest common divisor of 286858 and 1870.
374
Calculate the greatest common factor of 26287 and 97.
97
Calculate the highest common factor of 9434256 and 156.
156
Calculate the greatest common divisor of 21919 and 6854.
23
What is the greatest common factor of 5424 and 312?
24
What is the highest common divisor of 172255 and 2199?
733
What is the greatest common factor of 27848 and 88?
8
What is the greatest common factor of 2844 and 508?
4
What is the greatest common divisor of 943 and 7981?
23
Calculate the greatest common factor of 42947 and 1139.
67
What is the greatest common divisor of 16 and 4113632?
16
What is the greatest common divisor of 89 and 1201?
1
Calculate the highest common divisor of 4085452 and 371.
371
What is the highest common divisor of 761 and 240?
1
Calculate the greatest common factor of 5028 and 372.
12
Calculate the greatest common factor of 280 and 120344.
56
What is the greatest common factor of 191836 and 796?
796
What is the highest common divisor of 61349 and 1519?
31
What is the highest common divisor of 483 and 81167?
23
What is the greatest common factor of 745 and 635?
5
What is the greatest common divisor of 16224 and 295074?
1014
Calculate the highest common divisor of 6116 and 11308.
44
What is the highest common divisor of 53284 and 84?
28
What is the highest common factor of 438365 and 15?
5
Calculate the highest common factor of 1551 and 2021.
47
What is the greatest common factor of 13968 and 2304?
144
What is the greatest common factor of 22579 and 8425?
337
What is the highest common divisor of 514477 and 508?
127
Calculate the highest common factor of 7597 and 2033.
107
Calculate the highest common factor of 4544 and 1065.
71
Calculate the highest common factor of 846 and 3854.
94
Calculate the highest common factor of 163859 and 1.
1
Calculate the highest common divisor of 1078 and 292.
2
What is the greatest common divisor of 540033 and 182?
13
Calculate the greatest common divisor of 5156879 and 929.
929
What is the highest common factor of 18139069 and 1079?
1079
What is the highest common divisor of 108 and 4668?
12
What is the greatest common divisor of 11616 and 244299?
363
Calculate the highest common divisor of 71961 and 498.
249
What is the greatest common divisor of 11656 and 1395?
31
What is the highest common factor of 10185 and 595?
35
What is the greatest common factor of 31100 and 11507?
311
What is the greatest common factor of 2984 and 9325?
373
Calculate the greatest common factor of 794 and 99647.
397
What is the greatest common divisor of 6 and 200649?
3
Calculate the highest common divisor of 3143 and 224.
7
What is the greatest common factor of 3225 and 1462?
43
Calculate the highest common divisor of 30515 and 4675.
85
Calculate the highest common factor of 80 and 72160.
80
What is the greatest common divisor of 261 and 317289?
87
Calculate the highest common divisor of 93430 and 10.
10
What is the greatest common factor of 400 and 46520?
40
Calculate the greatest common factor of 325 and 6305.
65
What is the greatest common divisor of 223 and 416564?
223
What is the greatest common divisor of 5 and 3749?
1
What is the greatest common divisor of 2004 and 384?
12
What is the highest common divisor of 52150 and 2250?
50
Calculate the highest common factor of 3245 and 15510.
55
Calculate the greatest common divisor of 285785 and 610.
305
Calculate the greatest common divisor of 854965 and 20.
5
What is the greatest common factor of 161486 and 52?
26
What is the highest common factor of 2018 and 44?
2
What is the highest common divisor of 218 and 2095307?
109
Calculate the greatest common divisor of 703 and 447959.
37
What is the highest common factor of 3258 and 10?
2
What is the greatest common divisor of 58870 and 140?
70
Calculate the highest common divisor of 143 and 588368.
11
What is the highest common factor of 800 and 13768?
8
What is the greatest common divisor of 105 and 43905?
15
Calculate the highest common factor of 1233 and 36579.
411
Calculate the greatest common factor of 635 and 102997.
127
What is the highest common divisor of 10241 and 110?
11
Calculate the highest common divisor of 194584 and 364.
52
Calculate the highest common factor of 331 and 84736.
331
Calculate the highest common factor of 27 and 3439881.
27
What is the highest common factor of 92563 and 151?
151
What is the highest common divisor of 620 and 23770?
10
What is the highest common factor of 126 and 251454?
42
What is the greatest common factor of 96 and 182256?
48
Calculate the greatest common divisor of 1789974 and 277.
277
Calculate the highest common divisor of 12644 and 580.
116
Calculate the greatest common divisor of 15891 and 45.
3
Calculate the greatest common factor of 49552 and 57.
19
What is the greatest common divisor of 12 and 879678?
6
Calculate the highest common divisor of 3297975 and 60.
15
What is the greatest common factor of 1437 and 153280?
479
What is the highest common divisor of 862 and 1124048?
862
What is the greatest common factor of 83 and 19007?
83
What is the highest common divisor of 187496 and 552?
184
What is the greatest common divisor of 470023 and 3101?
443
What is the greatest common divisor of 6275 and 575?
25
Calculate the highest common divisor of 84240 and 130.
130
Calculate the greatest common factor of 86962 and 2.
2
Calculate the greatest common factor of 9 and 3433761.
9
Calculate the greatest common divisor of 449140 and 3060.
340
Calculate the highest common divisor of 50 and 870.
10
What is the highest common divisor of 291 and 388097?
97
Calculate the greatest common factor of 105 and 1351.
7
Calculate the greatest common factor of 39 and 6144.
3
What is the highest common divisor of 126759 and 31